5, 139
List the prime factors of 1737649.
491, 3539
What are the prime factors of 47077?
179, 263
List the prime factors of 259217.
7, 19, 1949
What are the prime factors of 3225160?
2, 5, 80629
List the prime factors of 290630.
2, 5, 29063
What are the prime factors of 268739?
31, 8669
What are the prime factors of 1558446?
2, 3, 211, 1231
What are the prime factors of 2057917?
2057917
List the prime factors of 1987242.
2, 3, 331207
What are the prime factors of 14771318?
2, 7385659
List the prime factors of 188081.
19, 521
What are the prime factors of 365805?
3, 5, 11, 739
What are the prime factors of 7035644?
2, 7, 11, 53, 431
List the prime factors of 5421882.
2, 3, 23, 101, 389
What are the prime factors of 766390?
2, 5, 173, 443
List the prime factors of 12374.
2, 23, 269
List the prime factors of 310615.
5, 23, 37, 73
List the prime factors of 9365244.
2, 3, 7, 111491
What are the prime factors of 79653?
3, 7, 3793
List the prime factors of 2516913.
3, 7, 23, 193
List the prime factors of 22445148.
2, 3, 11, 23, 7393
What are the prime factors of 8233787?
8233787
What are the prime factors of 273615?
3, 5, 17, 29, 37
List the prime factors of 22654903.
53, 427451
What are the prime factors of 1056759?
3, 11, 31, 1033
List the prime factors of 902440.
2, 5, 7, 11, 293
What are the prime factors of 79780?
2, 5, 3989
What are the prime factors of 2815872?
2, 3, 7333
List the prime factors of 27473893.
521, 52733
What are the prime factors of 3283644?
2, 3, 7, 13, 31, 97
List the prime factors of 1054793.
109, 9677
List the prime factors of 21609327.
3, 19, 367, 1033
List the prime factors of 7134555.
3, 5, 475637
What are the prime factors of 276525?
3, 5, 1229
What are the prime factors of 170515?
5, 67, 509
What are the prime factors of 637961?
53, 12037
List the prime factors of 823128.
2, 3, 34297
What are the prime factors of 132165?
3, 5, 11, 89
What are the prime factors of 4397571?
3, 18097
What are the prime factors of 79751?
7, 11393
List the prime factors of 488342.
2, 17, 53, 271
List the prime factors of 428752.
2, 127, 211
What are the prime factors of 41549?
41549
What are the prime factors of 5360506?
2, 257, 10429
List the prime factors of 91386.
2, 3, 5077
What are the prime factors of 394435?
5, 78887
What are the prime factors of 1460801?
67, 21803
List the prime factors of 1556606.
2, 41, 463
What are the prime factors of 3495819?
3, 1165273
What are the prime factors of 14921158?
2, 7, 23, 149, 311
List the prime factors of 433420.
2, 5, 13, 1667
List the prime factors of 2626929.
3, 71, 4111
What are the prime factors of 2058097?
59, 34883
What are the prime factors of 425109?
3, 23, 61, 101
What are the prime factors of 2776813?
13, 23, 37, 251
List the prime factors of 888960.
2, 3, 5, 463
List the prime factors of 22160469.
3, 17, 293, 1483
What are the prime factors of 994624?
2, 15541
List the prime factors of 5061327.
3, 41, 41149
List the prime factors of 5127843.
3, 7, 61, 4003
List the prime factors of 1706748.
2, 3, 41, 3469
What are the prime factors of 5128288?
2, 11, 17, 857
What are the prime factors of 4891237?
13, 251, 1499
What are the prime factors of 487852?
2, 121963
List the prime factors of 2242317.
3, 7, 11, 17, 571
List the prime factors of 4526323.
1223, 3701
List the prime factors of 212210.
2, 5, 21221
List the prime factors of 700902.
2, 3, 23, 1693
List the prime factors of 3147230.
2, 5, 314723
List the prime factors of 806533.
7, 13, 8863
List the prime factors of 3589698.
2, 3, 7, 85469
List the prime factors of 56721.
3, 7, 37, 73
What are the prime factors of 10838551?
1229, 8819
List the prime factors of 1226654.
2, 11, 13, 4289
What are the prime factors of 2015837?
31, 65027
List the prime factors of 201162.
2, 3, 13, 2579
List the prime factors of 1858633.
7, 79, 3361
What are the prime factors of 8761687?
11, 796517
List the prime factors of 7696529.
17, 167, 2711
What are the prime factors of 857054?
2, 11, 163, 239
What are the prime factors of 3814354?
2, 137, 13921
What are the prime factors of 4114313?
7, 257, 2287
What are the prime factors of 103115?
5, 41, 503
What are the prime factors of 20976644?
2, 13, 23, 17539
List the prime factors of 1235886.
2, 3, 205981
What are the prime factors of 3480256?
2, 13, 47, 89
What are the prime factors of 3725?
5, 149
What are the prime factors of 268470?
2, 3, 5, 19, 157
What are the prime factors of 46092?
2, 3, 23, 167
List the prime factors of 2228087.
347, 6421
List the prime factors of 139294.
2, 257, 271
What are the prime factors of 220239?
3, 2719
List the prime factors of 178158.
2, 3, 23, 1291
What are the prime factors of 125657?
7, 29, 619
What are the prime factors of 250693?
250693
List the prime factors of 340594.
2, 19, 8963
List the prime factors of 1184226.
2, 3, 197371
List the prime factors of 19649787.
3, 829, 7901
What are the prime factors of 833293?
833293
What are the prime factors of 759359?
759359
What are the prime factors of 25620253?
29, 53, 79, 211
List the prime factors of 97259.
97259
What are the prime factors of 752720?
2, 5, 97
What are the prime factors of 188678?
2, 7, 13477
List the prime factors of 4693870.
2, 5, 17, 27611
What are the prime factors of 6519693?
3, 29, 137, 547
List the prime factors of 18880249.
37, 71, 7187
List the prime factors of 23179239.
3, 23, 111977
What are the prime factors of 4440218?
2, 41, 173, 313
What are the prime factors of 8918681?
53, 168277
What are the prime factors of 19488352?
2, 13, 79, 593
List the prime factors of 6770512.
2, 7, 61, 991
List the prime factors of 52126.
2, 67, 389
List the prime factors of 1281781.
1281781
What are the prime factors of 3155518?
2, 1577759
What are the prime factors of 29797867?
11, 163, 16619
What are the prime factors of 599291?
7, 11, 43, 181
List the prime factors of 2770197.
3, 923399
What are the prime factors of 7808079?
3, 2602693
What are the prime factors of 9080445?
3, 5, 11, 5003
List the prime factors of 1055841.
3, 71, 4957
List the prime factors of 130877.
29, 4513
List the prime factors of 233527.
7, 73, 457
List the prime factors of 721869.
3, 240623
What are the prime factors of 5670752?
2, 177211
List the prime factors of 85105.
5, 17021
What are the prime factors of 48012?
2, 3, 4001
What are the prime factors of 140689?
140689
What are the prime factors of 1222275?
3, 5, 43, 379
List the prime factors of 23998396.
2, 5999599
What are the prime factors of 267444?
2, 3, 17, 19, 23
List the prime factors of 62856.
2, 3, 97
List the prime factors of 242509.
242509
What are the prime factors of 27456656?
2, 1716041
List the prime factors of 940550.
2, 5, 13, 1447
What are the prime factors of 25669294?
2, 7, 1833521
List the prime factors of 17812970.
2, 5, 7, 36353
What are the prime factors of 557590?
2, 5, 11, 37, 137
List the prime factors of 1145688.
2, 3, 47737
What are the prime factors of 4459035?
3, 5, 7, 42467
List the prime factors of 237208.
2, 149, 199
List the prime factors of 4519561.
4519561
List the prime factors of 100297.
100297
List the prime factors of 151161.
3, 50387
What are the prime factors of 3009939?
3, 29, 1193
What are the prime factors of 15610?
2, 5, 7, 223
List the prime factors of 4336739.
11, 394249
What are the prime factors of 18658470?
2, 3, 5, 331, 1879
What are the prime factors of 4326468?
2, 3, 89, 4051
List the prime factors of 1879968.
2, 3, 19583
What are the prime factors of 656014?
2, 328007
List the prime factors of 4605517.
7, 657931
What are the prime factors of 132512?
2, 41, 101
What are the prime factors of 236518?
2, 118259
List the prime factors of 9286032.
2, 3, 7, 29, 953
What are the prime factors of 680240?
2, 5, 11, 773
What are the prime factors of 3558804?
2, 3, 71, 4177
List the prime factors of 3419726.
2, 1709863
What are the prime factors of 103108?
2, 149, 173
What are the prime factors of 4757563?
43, 110641
List the prime factors of 1488029.
37, 131, 307
List the prime factors of 377904.
2, 3, 7873
List the prime factors of 965438.
2, 482719
List the prime factors of 2065976.
2, 11, 17, 1381
List the prime factors of 2819526.
2, 3, 311, 1511
List the prime factors of 37528.
2, 4691
What are the prime factors of 34599?
3, 19, 60